e 156836874?
True
Is 5 a factor of 459178381?
False
Does 143 divide 5692115?
True
Does 238 divide 122964986?
False
Does 2693 divide 223022809?
False
Is 1583 a factor of 211059978?
False
Is 27188460 a multiple of 195?
True
Does 33 divide 9511195?
False
Does 2651 divide 1597781643?
False
Is 87327164 a multiple of 1800?
False
Is 12 a factor of 126179760?
True
Is 184687638 a multiple of 740?
False
Is 136485367 a multiple of 13?
False
Does 5506 divide 2307768322?
True
Does 40 divide 30929800?
True
Is 451075408 a multiple of 28?
True
Is 533 a factor of 773630901?
False
Does 9380 divide 3126879280?
True
Does 1118 divide 1058862272?
True
Is 370565727 a multiple of 16?
False
Does 6 divide 58464210?
True
Does 94 divide 1877941868?
False
Is 3380 a factor of 24554702?
False
Is 163 a factor of 2010823420?
True
Does 49 divide 9070439?
True
Is 5764574 a multiple of 31?
True
Is 660 a factor of 16467770?
False
Is 968588899 a multiple of 130?
False
Does 2226 divide 2796609981?
False
Does 604 divide 361579673?
False
Is 60 a factor of 57348047?
False
Does 133 divide 218993278?
True
Is 114424768 a multiple of 16?
True
Is 295851547 a multiple of 116?
False
Does 241 divide 8269975?
False
Is 74932000 a multiple of 160?
True
Does 404 divide 46266484?
True
Is 71 a factor of 87334260?
True
Is 9972264 a multiple of 4604?
True
Is 35 a factor of 958540?
False
Is 226691136 a multiple of 432?
True
Is 32 a factor of 1771912440?
False
Is 469 a factor of 40666088?
False
Does 13 divide 25612062?
False
Is 255207828 a multiple of 435?
False
Does 2214 divide 61630427?
False
Does 56 divide 116582408?
False
Does 48 divide 47938176?
True
Is 495796186 a multiple of 2526?
False
Does 444 divide 44550072?
True
Is 217 a factor of 564709516?
True
Does 9 divide 1718185?
False
Is 12 a factor of 21726389?
False
Is 30449658 a multiple of 463?
True
Is 209 a factor of 46196917?
False
Does 7 divide 2305625?
True
Does 1305 divide 65419650?
True
Is 143 a factor of 35542078?
True
Is 160033090 a multiple of 117?
False
Does 843 divide 31283730?
True
Is 248792067 a multiple of 1598?
False
Is 4234880 a multiple of 20?
True
Is 1707535899 a multiple of 1128?
False
Is 3816253 a multiple of 6?
False
Does 8 divide 1752167?
False
Does 7 divide 123394082?
True
Is 444 a factor of 4301018676?
True
Is 249495153 a multiple of 748?
False
Is 14 a factor of 119213997?
False
Is 17 a factor of 49256769?
True
Is 434 a factor of 138786343?
False
Is 17 a factor of 58649872?
False
Does 3 divide 513273315?
True
Is 1361 a factor of 172391065?
True
Is 29034160 a multiple of 299?
False
Is 170031675 a multiple of 33?
True
Is 189717582 a multiple of 5146?
True
Is 535972580 a multiple of 2860?
True
Does 41 divide 45767890?
True
Is 504 a factor of 7697592?
True
Does 207 divide 809813601?
True
Does 21 divide 243855990?
True
Is 1796529756 a multiple of 908?
True
Is 297021634 a multiple of 91?
True
Is 38211983 a multiple of 256?
False
Is 190 a factor of 52378440?
True
Does 2129 divide 170535029?
True
Does 14 divide 342689732?
True
Is 1049309 even?
False
Is 3597764850 a multiple of 15282?
True
Does 24 divide 60034656?
True
Is 78586548 a multiple of 12?
True
Is 1284 a factor of 134316672?
True
Is 28053946 a multiple of 142?
True
Is 10412577 a multiple of 88?
False
Does 1090 divide 108913890?
True
Does 20 divide 9002800?
True
Does 1898 divide 372926632?
True
Is 3 a factor of 80123982?
True
Is 1177716150 a multiple of 1725?
True
Is 11625188 a multiple of 20?
False
Does 125 divide 681827435?
False
Is 4105704108 a multiple of 22?
True
Is 4038423 a multiple of 2333?
True
Does 4 divide 21002213?
False
Is 77508313 a multiple of 610?
False
Is 114 a factor of 1549608137?
False
Does 32 divide 6248122497?
False
Does 11 divide 60393815?
False
Does 41 divide 1044551459?
False
Does 43 divide 5091985027?
False
Is 3454422999 a multiple of 1249?
True
Does 688 divide 325218976?
True
Is 210790400 a multiple of 40?
True
Is 15289920 a multiple of 4?
True
Is 12403682 a multiple of 82?
False
Is 884 a factor of 239552976?
False
Does 347 divide 186551364?
True
Is 253646507 a multiple of 59?
False
Is 11396494 a multiple of 45?
False
Is 316442883 a multiple of 30?
False
Is 34 a factor of 8322039?
False
Is 129 a factor of 27788793?
True
Is 2813 a factor of 894706264?
False
Is 17183978 a multiple of 53?
True
Does 58 divide 36971470?
False
Is 41221896 a multiple of 194?
True
Does 17 divide 60881947?
True
Is 7657210 a multiple of 151?
True
Does 54 divide 2278116?
False
Is 19 a factor of 20612357?
False
Is 999 a factor of 109161729?
True
Does 4553 divide 20995168?
False
Is 2864438367 a multiple of 21?
True
Is 630 a factor of 329040056?
False
Is 277 a factor of 796113789?
True
Is 65 a factor of 3089840?
True
Is 16 a factor of 325979712?
True
Does 4 divide 222553780?
True
Does 354 divide 104207688?
True
Is 119 a factor of 31276243?
False
Is 17335270 a multiple of 10?
True
Is 909907053 a multiple of 16?
False
Is 576130755 a multiple of 90?
False
Is 119002920 a multiple of 120?
True
Is 1230410701 a multiple of 42?
False
Does 971 divide 56546394?
False
Does 10 divide 21129930?
True
Does 45 divide 808737?
False
Is 1007 a factor of 141336322?
False
Is 1608 a factor of 91206425?
False
Is 126 a factor of 3308886?
True
Does 3360 divide 467873280?
True
Does 584 divide 271495016?
False
Does 2 divide 1299520?
True
Does 231 divide 815129168?
False
Does 312 divide 2304120?
True
Is 12 a factor of 10554290?
False
Is 18 a factor of 9465984?
True
Does 57 divide 186571203?
True
Is 7158 a factor of 173352751?
False
Is 134996190 a multiple of 15?
True
Is 36295776 a multiple of 1056?
True
Is 42942095 a multiple of 6?
False
Is 64 a factor of 150834240?
True
Is 264 a factor of 180109566?
False
Does 771 divide 126052235?
False
Is 8 a factor of 465719288?
True
Is 15 a factor of 55544172?
False
Does 46 divide 187234504?
False
Is 8 a factor of 3138648?
True
Is 10 a factor of 4002433820?
True
Does 277 divide 2140656?
True
Is 739489981 a multiple of 169?
False
Does 439 divide 109266906?
False
Is 1618925 a multiple of 203?
True
Is 3 a factor of 7939814?
False
Is 27 a factor of 87255971?
False
Is 72361172 a multiple of 3676?
False
Is 38 a factor of 16143312?
True
Is 34 a factor of 1128246582?
True
Is 1218 a factor of 15244488?
True
Is 17 a factor of 365496570?
False
Is 1550 a factor of 468012427?
False
Does 26 divide 1922203764?
True
Is 652062 a multiple of 124?
False
Does 29 divide 37582260?
True
Is 1367139373 a multiple of 68?
False
Is 4 a factor of 511242160?
True
Is 188172033 a multiple of 38?
False
Does 152 divide 617755360?
True
Is 618652990 a multiple of 1055?
False
Does 53 divide 356817253?
True
Is 61 a factor of 785576727?
True
Is 456526614 a multiple of 229?
True
Is 4356679 a multiple of 62?
False
Does 402 divide 745706094?
False
Does 198 divide 75479976?
True
Does 5936 divide 658593264?
True
Does 411 divide 14780382?
True
Is 61059076 a multiple of 24?
False
Is 110155995 a multiple of 9?
True
Is 707070 a multiple of 74?
True
Does 10 divide 3068150?
True
Is 19749450 a multiple of 25?
True
Is 931975785 a multiple of 1209?
True
Is 64251683 a multiple of 3?
False
Is 2008702006 a multiple of 9772?
False
Does 65 divide 73211710?
True
Is 164955300 a multiple of 82?
True
Does 973 divide 82709865?
True
Does 55 divide 525041605?
True
Is 52 a factor of 493545312?
True
Is 13 a factor of 75032810?
False
Is 7345 a factor of 1104457083?
False
Is 15571777 a multiple of 13?
True
Is 397793848 a multiple of 179?
True
Is 4765734 a multiple of 9?
True
Does 1090 divide 622531700?
True
Does 4216 divide 162238985?
False
Is 13178881 a multiple of 142?
False
Is 26 a factor of 170347211?
False
Is 110 a factor of 540016730?
True
Does 2565 divide 528137889?
False
Does 962 divide 15738320?
True
Is 3299955 a multiple of 85?
True
Does 3 divide 6122590?
False
Is 28 a factor of 575534117?
False
Does 662 divide 4627304532?
True
Is 3651158684 a multiple of 323?
False
Is 18162210 a multiple of 517?
True
Does 31 divide 3802221756?
False
Does 25 divide 4808630429?
False
Is 21 a factor of 770040227?
False
Is 28 a factor of 126678104?
True
Is 259657637 a multiple of 7?
False
Is 13 a factor of 17598343?
False
Does 1478 divide 387139930?
True
Is 112134772 a multiple of 9?
False
Is 13 a factor of 35908405?
True
Is 117813199 a mu